 factors of 948944.
2, 127, 467
List the prime factors of 463107.
3, 154369
What are the prime factors of 425441?
425441
What are the prime factors of 114324?
2, 3, 7, 1361
What are the prime factors of 201437?
201437
What are the prime factors of 72713?
19, 43, 89
What are the prime factors of 125520?
2, 3, 5, 523
What are the prime factors of 193111?
29, 6659
List the prime factors of 626200.
2, 5, 31, 101
What are the prime factors of 516888?
2, 3, 2393
List the prime factors of 2496583.
691, 3613
List the prime factors of 266196.
2, 3, 7, 3169
List the prime factors of 15476180.
2, 5, 83, 9323
What are the prime factors of 3510721?
17, 97, 2129
List the prime factors of 322154.
2, 7, 23011
List the prime factors of 1484410.
2, 5, 79, 1879
What are the prime factors of 11487039?
3, 19, 137, 1471
What are the prime factors of 5586120?
2, 3, 5, 59, 263
What are the prime factors of 1062890?
2, 5, 157, 677
List the prime factors of 117159.
3, 7, 797
List the prime factors of 5322299.
19, 280121
What are the prime factors of 641244?
2, 3, 53437
List the prime factors of 828081.
3, 92009
What are the prime factors of 756244?
2, 189061
List the prime factors of 25063854.
2, 3, 4177309
List the prime factors of 39037.
103, 379
What are the prime factors of 33114?
2, 3, 5519
What are the prime factors of 672857?
109, 6173
List the prime factors of 224789.
19, 11831
List the prime factors of 88037.
88037
List the prime factors of 656328.
2, 3, 23, 29, 41
List the prime factors of 231599.
231599
What are the prime factors of 1340159?
1340159
List the prime factors of 22335.
3, 5, 1489
What are the prime factors of 1957440?
2, 3, 5, 2039
What are the prime factors of 372172?
2, 19, 59, 83
What are the prime factors of 690963?
3, 7, 13, 2531
What are the prime factors of 334376?
2, 7, 853
What are the prime factors of 281304?
2, 3, 3907
What are the prime factors of 12322923?
3, 4107641
What are the prime factors of 1704315?
3, 5, 113621
List the prime factors of 159427.
131, 1217
List the prime factors of 141402.
2, 3, 23567
List the prime factors of 148566.
2, 3, 11, 2251
What are the prime factors of 2332553?
17, 137209
List the prime factors of 3057479.
3057479
List the prime factors of 512469.
3, 56941
What are the prime factors of 5301526?
2, 557, 4759
List the prime factors of 308153.
308153
What are the prime factors of 2972409?
3, 11, 90073
What are the prime factors of 8310199?
23, 361313
What are the prime factors of 4339467?
3, 11, 19, 769
What are the prime factors of 1902533?
659, 2887
What are the prime factors of 1509117?
3, 503039
What are the prime factors of 70658?
2, 7, 103
List the prime factors of 9215770.
2, 5, 787, 1171
List the prime factors of 454006.
2, 7, 32429
What are the prime factors of 760192?
2, 5939
List the prime factors of 849233.
7, 11, 41, 269
List the prime factors of 507289.
507289
What are the prime factors of 397095?
3, 5, 23, 1151
List the prime factors of 511220.
2, 5, 25561
List the prime factors of 497563.
11, 45233
What are the prime factors of 14972237?
7, 773, 2767
List the prime factors of 12290822.
2, 6145411
List the prime factors of 2396609.
17, 140977
List the prime factors of 4312931.
7, 88019
List the prime factors of 515053.
7, 11, 6689
What are the prime factors of 86577?
3, 28859
List the prime factors of 674850.
2, 3, 5, 11, 409
List the prime factors of 524868.
2, 3, 191, 229
List the prime factors of 27667561.
137, 201953
List the prime factors of 5454078.
2, 3, 7, 31, 59, 71
What are the prime factors of 20751855?
3, 5, 373, 3709
List the prime factors of 11993.
67, 179
List the prime factors of 287796.
2, 3, 29, 827
What are the prime factors of 68109?
3, 73, 311
What are the prime factors of 33306250?
2, 5, 73
What are the prime factors of 6028?
2, 11, 137
List the prime factors of 97064.
2, 11, 1103
What are the prime factors of 4603440?
2, 3, 5, 19181
What are the prime factors of 4783818?
2, 3, 13, 61331
What are the prime factors of 1328900?
2, 5, 97, 137
List the prime factors of 350614.
2, 11, 15937
What are the prime factors of 158319?
3, 7, 359
List the prime factors of 171190.
2, 5, 17, 19, 53
List the prime factors of 265951.
7, 37993
What are the prime factors of 4958786?
2, 7, 41, 53, 163
What are the prime factors of 1066150?
2, 5, 21323
What are the prime factors of 18604272?
2, 3, 53, 71, 103
What are the prime factors of 3032976?
2, 3, 179, 353
What are the prime factors of 498556?
2, 113, 1103
List the prime factors of 2696235.
3, 5, 179749
What are the prime factors of 4300007?
4300007
What are the prime factors of 225909?
3, 2789
List the prime factors of 403672.
2, 50459
List the prime factors of 3302276.
2, 19, 43451
List the prime factors of 3897047.
7, 11, 43, 107
What are the prime factors of 6566313?
3, 13, 101, 1667
List the prime factors of 588649.
588649
List the prime factors of 12739507.
11, 37, 113, 277
What are the prime factors of 1521771?
3, 67, 113
List the prime factors of 198648.
2, 3, 31, 89
List the prime factors of 4432282.
2, 19, 116639
What are the prime factors of 1455189?
3, 485063
List the prime factors of 1353564.
2, 3, 83, 151
What are the prime factors of 2801048?
2, 37, 9463
List the prime factors of 5512799.
307, 17957
List the prime factors of 17112.
2, 3, 23, 31
What are the prime factors of 12129520?
2, 5, 13, 107, 109
What are the prime factors of 195082?
2, 103, 947
List the prime factors of 574540.
2, 5, 23, 1249
What are the prime factors of 19257595?
5, 7, 29, 18973
What are the prime factors of 79972?
2, 19993
What are the prime factors of 597510?
2, 3, 5, 2213
What are the prime factors of 861625?
5, 61, 113
What are the prime factors of 37714?
2, 109, 173
What are the prime factors of 272661?
3, 90887
List the prime factors of 1394636.
2, 151, 2309
What are the prime factors of 279627?
3, 83, 1123
List the prime factors of 17020841.
157, 108413
What are the prime factors of 497787?
3, 73, 2273
What are the prime factors of 58981?
13, 349
List the prime factors of 14585497.
619, 23563
What are the prime factors of 3346621?
3346621
What are the prime factors of 191933?
7, 3917
What are the prime factors of 255829?
7, 23, 227
List the prime factors of 870345.
3, 5, 7, 307
List the prime factors of 2418620.
2, 5, 31, 47, 83
What are the prime factors of 373864?
2, 17, 2749
What are the prime factors of 178031?
7, 29, 877
List the prime factors of 2459474.
2, 19, 59, 1097
List the prime factors of 26992.
2, 7, 241
List the prime factors of 565405.
5, 113081
What are the prime factors of 7653311?
31, 271, 911
What are the prime factors of 508533?
3, 337, 503
List the prime factors of 4383292.
2, 29, 1303
What are the prime factors of 49972?
2, 13, 31
List the prime factors of 8337113.
59, 141307
What are the prime factors of 7340790?
2, 3, 5, 179, 1367
List the prime factors of 274928.
2, 17183
List the prime factors of 6030593.
37, 162989
What are the prime factors of 349879?
97, 3607
What are the prime factors of 1742272?
2, 7, 3889
What are the prime factors of 9053125?
5, 2897
List the prime factors of 4754178.
2, 3, 11, 13, 1847
What are the prime factors of 3061721?
13, 47, 5011
What are the prime factors of 8558052?
2, 3, 713171
List the prime factors of 8736928.
2, 273029
What are the prime factors of 3747335?
5, 749467
List the prime factors of 8680758.
2, 3, 19, 76147
List the prime factors of 11757997.
53, 221849
List the prime factors of 310646.
2, 7, 22189
What are the prime factors of 14000986?
2, 19, 368447
List the prime factors of 797426.
2, 7, 79, 103
What are the prime factors of 1455991?
1455991
What are the prime factors of 6339859?
463, 13693
What are the prime factors of 155212?
2, 38803
What are the prime factors of 749725?
5, 29989
List the prime factors of 2481166.
2, 71, 101, 173
List the prime factors of 223948.
2, 55987
What are the prime factors of 340077?
3, 113359
What are the prime factors of 21700864?
2, 103, 823
What are the prime factors of 336829?
336829
List the prime factors of 403108.
2, 179, 563
List the prime factors of 5340700.
2, 5, 53407
What are the prime factors of 18697233?
3, 6232411
List the prime factors of 268899.
3, 89633
What are the prime factors of 342829?
31, 11059
List th